{"id":19820,"date":"2026-08-31T15:15:24","date_gmt":"2026-08-31T19:15:24","guid":{"rendered":"https:\/\/prltap.org\/eng\/?post_type=tribe_events&#038;p=19820"},"modified":"2026-08-31T15:22:17","modified_gmt":"2026-08-31T19:22:17","slug":"webinar-integracion-de-la-planificacion-del-uso-del-suelo-y-del-transporte","status":"publish","type":"tribe_events","link":"https:\/\/prltap.org\/eng\/event\/webinar-integracion-de-la-planificacion-del-uso-del-suelo-y-del-transporte\/","title":{"rendered":"Webinar | Integraci\u00f3n de la Planificaci\u00f3n del Uso del Suelo y del Transporte"},"content":{"rendered":"<div style=\"font-family: Arial, sans-serif; line-height: 1.6; color: #333;\">\n<div style=\"margin: 20px 0px; text-align: left;\"><a class=\"mcnButton\" title=\"REGISTRO\" href=\"https:\/\/register.gotowebinar.com\/register\/2939305101103173979\" target=\"_blank\" rel=\"noopener\">REGISTRO<\/a><\/div>\n<div><\/div>\n<h3 style=\"color: #006729;\">FECHA Y HORA:<\/h3>\n<p><strong>Viernes, 18 de septiembre de 2026<\/strong><br \/>\n1:20 PM &#8211; 4:30 PM (la sala virtual abrir\u00e1 a la 1:00 PM)<\/p>\n<\/div>\n<p>&nbsp;<\/p>\n<p>&nbsp;<\/p>\n<div style=\"font-family: Arial, sans-serif; line-height: 1.6; color: #333;\">\n<h3 style=\"color: #006729;\">HORAS CONTACTO:<\/h3>\n<p>Tres (3) horas t\u00e9cnicas aplicables a ingenieros y horas generales aplicables para agrimensores del CIAPR.<\/p>\n<p><em>La determinaci\u00f3n final en cuanto a la adjudicaci\u00f3n de las Horas Contacto (HC) depender\u00e1 de los requisitos y regulaciones vigentes del CIAPR.<br \/>\n<\/em><\/p>\n<p>&nbsp;<\/p>\n<h3 style=\"color: #006729;\">PLATAFORMA:<\/h3>\n<p><em>GoToWebinar<\/em><\/p>\n<\/div>\n<p>&nbsp;<\/p>\n<div style=\"font-family: Arial, sans-serif; line-height: 1.6; color: #333;\">\n<h3 style=\"color: #006729;\">INSTRUCTOR:<\/h3>\n<p><strong>Carlos A. Del Valle Gonz\u00e1lez, PhD<\/strong><br \/>\nCatedr\u00e1tico<br \/>\nDepartamento de Econom\u00eda<br \/>\nUPR-Recinto Universitario de Mayag\u00fcez<\/p>\n<\/div>\n<p>&nbsp;<\/p>\n<p>&nbsp;<\/p>\n<div style=\"font-family: Arial, sans-serif; line-height: 1.6; color: #333;\">\n<h3 style=\"color: #006729;\">NOTAS DE REQUERIMIENTO DE HORAS CONTACTO DEL CIAPR<\/h3>\n<ol>\n<li>Participar en el tiempo m\u00ednimo de participaci\u00f3n requerido: 1:40 PM a 4:30 PM.<\/li>\n<li>Durante el adiestramiento la instructora mencionar\u00e1 cuatro (4) palabras claves.<\/li>\n<li>Luego de finalizado el adiestramiento, los participantes deben completar un formulario digital para escribir las cuatro (4) palabras claves mencionadas por la instructora.<\/li>\n<li>Debe tener correctas al menos tres (3) de las palabras claves para cualificar para las horas contacto.<\/li>\n<li>Tendr\u00e1 solo una oportunidad para contestar el formulario en un periodo de 48 horas laborables luego de finalizado el adiestramiento.<\/li>\n<\/ol>\n<\/div>\n<p>&nbsp;<\/p>\n<p>&nbsp;<\/p>\n<div style=\"font-family: Arial, sans-serif; line-height: 1.6; color: #333;\">\n<h3 style=\"color: #006729;\">OBJETIVOS:<\/h3>\n<ul>\n<li>Definir la planificaci\u00f3n de los usos del terreno, la planificaci\u00f3n de los sistemas de transporte y la relaci\u00f3n entre ellos.<\/li>\n<li>Conocer de forma b\u00e1sica las teor\u00edas principales que estudian la relaci\u00f3n entre la transportaci\u00f3n y los usos del terreno.<\/li>\n<li>Exponer los m\u00e9todos para la planificaci\u00f3n de los usos del terreno, espec\u00edficamente los mapas de usos del terreno, los inventarios de estructura urbana y la zonificaci\u00f3n, incluyendo la calificaci\u00f3n y clasificaci\u00f3n del terreno. Adem\u00e1s, exponer de igual forma los m\u00e9todos b\u00e1sicos para la planificaci\u00f3n de los sistemas de transporte.<\/li>\n<li>Entender de forma general el contexto en Puerto Rico para la planificaci\u00f3n de usos del terreno y los sistemas de transporte: el Plan de Uso de Terrenos y los planes vigentes de transportaci\u00f3n.<\/li>\n<li>Reconocer algunos modelos de planificaci\u00f3n urbana que integran los usos del terreno y los sistemas de transporte.<\/li>\n<\/ul>\n<\/div>\n<p>&nbsp;<\/p>\n<p>&nbsp;<\/p>\n<div style=\"font-family: Arial, sans-serif; line-height: 1.6; color: #333;\">\n<h3 style=\"color: #006729;\">TEMAS:<\/h3>\n<ul>\n<li>Planificaci\u00f3n<\/li>\n<li>Usos del terreno<\/li>\n<li>Sistemas de transporte<\/li>\n<li>Accesibilidad<\/li>\n<li>Conectividad<\/li>\n<li>Densidad<\/li>\n<li>Localizaci\u00f3n<\/li>\n<li>Zonificaci\u00f3n<\/li>\n<li>Estructura urbana<\/li>\n<li>Demanda de viajes<\/li>\n<\/ul>\n<\/div>\n<p>&nbsp;<\/p>\n<p>&nbsp;<\/p>\n<div style=\"font-family: Arial, sans-serif; line-height: 1.6; color: #333;\">\n<h3 style=\"color: #006729;\">CONTACTOS<\/h3>\n<p>&nbsp;<\/p>\n<h4 style=\"color: #006729;\">Centro de Transferencia de Tecnolog\u00eda en Transportaci\u00f3n:<\/h4>\n<p><strong>Sra. Ciara Toro:<\/strong><br \/>\n<a href=\"mailto:ciara.toro@upr.edu\">ciara.toro@upr.edu<\/a><\/p>\n<p><strong>Srta. Cristina M. Riberas Gonz\u00e1lez:<\/strong><br \/>\n<a href=\"mailto:cristina.riberas@upr.edu\">cristina.riberas@upr.edu<\/a><\/p>\n<p><strong>Tel\u00e9fonos:<\/strong><br \/>\n787-834-6385 (Directo) \/ 787-832-4040 Exts. 3393, 3403<\/p>\n<p>&nbsp;<\/p>\n<h4 style=\"color: #006729;\">ACT:<\/h4>\n<p><strong>Sra. Jamilis Medina:<\/strong><br \/>\n<a href=\"mailto:jammedina@act.pr.gov\">jammedina@act.pr.gov<\/a><\/p>\n<p><strong>Tel\u00e9fono:<\/strong><br \/>\n787-721-8787 Exts. 57220\/52049<\/p>\n<p><strong style=\"color: #006729;\">NOTA:<\/strong><br \/>\nFavor enviar la Forma ACT 770 y completar el formulario de registro.<\/p>\n<\/div>\n","protected":false},"excerpt":{"rendered":"<p>REGISTRO FECHA Y HORA: Viernes, 18 de septiembre de 2026 1:20 PM &#8211; 4:30 PM (la sala virtual abrir\u00e1 a la 1:00 PM) &nbsp; &nbsp; HORAS CONTACTO: Tres (3) horas [&hellip;]<\/p>\n","protected":false},"author":18,"featured_media":0,"template":"","meta":{"_tribe_events_status":"","_tribe_events_status_reason":"","footnotes":""},"tags":[],"tribe_events_cat":[123],"class_list":{"0":"post-19820","1":"tribe_events","2":"type-tribe_events","3":"status-publish","5":"tribe_events_cat-webinar","6":"cat_webinar","7":"czr-hentry"},"jetpack_sharing_enabled":true,"_links":{"self":[{"href":"https:\/\/prltap.org\/eng\/wp-json\/wp\/v2\/tribe_events\/19820","targetHints":{"allow":["GET"]}}],"collection":[{"href":"https:\/\/prltap.org\/eng\/wp-json\/wp\/v2\/tribe_events"}],"about":[{"href":"https:\/\/prltap.org\/eng\/wp-json\/wp\/v2\/types\/tribe_events"}],"author":[{"embeddable":true,"href":"https:\/\/prltap.org\/eng\/wp-json\/wp\/v2\/users\/18"}],"version-history":[{"count":2,"href":"https:\/\/prltap.org\/eng\/wp-json\/wp\/v2\/tribe_events\/19820\/revisions"}],"predecessor-version":[{"id":19822,"href":"https:\/\/prltap.org\/eng\/wp-json\/wp\/v2\/tribe_events\/19820\/revisions\/19822"}],"wp:attachment":[{"href":"https:\/\/prltap.org\/eng\/wp-json\/wp\/v2\/media?parent=19820"}],"wp:term":[{"taxonomy":"post_tag","embeddable":true,"href":"https:\/\/prltap.org\/eng\/wp-json\/wp\/v2\/tags?post=19820"},{"taxonomy":"tribe_events_cat","embeddable":true,"href":"https:\/\/prltap.org\/eng\/wp-json\/wp\/v2\/tribe_events_cat?post=19820"}],"curies":[{"name":"wp","href":"https:\/\/api.w.org\/{rel}","templated":true}]}}

Webinar | Integración de la Planificación del Uso del Suelo y del Transporte

<div style="font-family: Arial, sans-serif; line-height: 1.6; color: #333;">
<div style="margin: 20px 0px; text-align: left;"><a class="mcnButton" title="REGISTRO" href="https://register.gotowebinar.com/register/2939305101103173979" target="_blank" rel="noopener">REGISTRO</a></div>
<div></div>
<h3 style="color: #006729;">FECHA Y HORA:</h3>
<p><strong>Viernes, 18 de septiembre de 2026</strong><br />
1:20 PM &#8211; 4:30 PM (la sala virtual abrirá a la 1:00 PM)</p>
</div>
<p>&nbsp;</p>
<p>&nbsp;</p>
<div style="font-family: Arial, sans-serif; line-height: 1.6; color: #333;">
<h3 style="color: #006729;">HORAS CONTACTO:</h3>
<p>Tres (3) horas técnicas aplicables a ingenieros y horas generales aplicables para agrimensores del CIAPR.</p>
<p><em>La determinación final en cuanto a la adjudicación de las Horas Contacto (HC) dependerá de los requisitos y regulaciones vigentes del CIAPR.<br />
</em></p>
<p>&nbsp;</p>
<h3 style="color: #006729;">PLATAFORMA:</h3>
<p><em>GoToWebinar</em></p>
</div>
<p>&nbsp;</p>
<div style="font-family: Arial, sans-serif; line-height: 1.6; color: #333;">
<h3 style="color: #006729;">INSTRUCTOR:</h3>
<p><strong>Carlos A. Del Valle González, PhD</strong><br />
Catedrático<br />
Departamento de Economía<br />
UPR-Recinto Universitario de Mayagüez</p>
</div>
<p>&nbsp;</p>
<p>&nbsp;</p>
<div style="font-family: Arial, sans-serif; line-height: 1.6; color: #333;">
<h3 style="color: #006729;">NOTAS DE REQUERIMIENTO DE HORAS CONTACTO DEL CIAPR</h3>
<ol>
<li>Participar en el tiempo mínimo de participación requerido: 1:40 PM a 4:30 PM.</li>
<li>Durante el adiestramiento la instructora mencionará cuatro (4) palabras claves.</li>
<li>Luego de finalizado el adiestramiento, los participantes deben completar un formulario digital para escribir las cuatro (4) palabras claves mencionadas por la instructora.</li>
<li>Debe tener correctas al menos tres (3) de las palabras claves para cualificar para las horas contacto.</li>
<li>Tendrá solo una oportunidad para contestar el formulario en un periodo de 48 horas laborables luego de finalizado el adiestramiento.</li>
</ol>
</div>
<p>&nbsp;</p>
<p>&nbsp;</p>
<div style="font-family: Arial, sans-serif; line-height: 1.6; color: #333;">
<h3 style="color: #006729;">OBJETIVOS:</h3>
<ul>
<li>Definir la planificación de los usos del terreno, la planificación de los sistemas de transporte y la relación entre ellos.</li>
<li>Conocer de forma básica las teorías principales que estudian la relación entre la transportación y los usos del terreno.</li>
<li>Exponer los métodos para la planificación de los usos del terreno, específicamente los mapas de usos del terreno, los inventarios de estructura urbana y la zonificación, incluyendo la calificación y clasificación del terreno. Además, exponer de igual forma los métodos básicos para la planificación de los sistemas de transporte.</li>
<li>Entender de forma general el contexto en Puerto Rico para la planificación de usos del terreno y los sistemas de transporte: el Plan de Uso de Terrenos y los planes vigentes de transportación.</li>
<li>Reconocer algunos modelos de planificación urbana que integran los usos del terreno y los sistemas de transporte.</li>
</ul>
</div>
<p>&nbsp;</p>
<p>&nbsp;</p>
<div style="font-family: Arial, sans-serif; line-height: 1.6; color: #333;">
<h3 style="color: #006729;">TEMAS:</h3>
<ul>
<li>Planificación</li>
<li>Usos del terreno</li>
<li>Sistemas de transporte</li>
<li>Accesibilidad</li>
<li>Conectividad</li>
<li>Densidad</li>
<li>Localización</li>
<li>Zonificación</li>
<li>Estructura urbana</li>
<li>Demanda de viajes</li>
</ul>
</div>
<p>&nbsp;</p>
<p>&nbsp;</p>
<div style="font-family: Arial, sans-serif; line-height: 1.6; color: #333;">
<h3 style="color: #006729;">CONTACTOS</h3>
<p>&nbsp;</p>
<h4 style="color: #006729;">Centro de Transferencia de Tecnología en Transportación:</h4>
<p><strong>Sra. Ciara Toro:</strong><br />
<a href="mailto:ciara.toro@upr.edu">ciara.toro@upr.edu</a></p>
<p><strong>Srta. Cristina M. Riberas González:</strong><br />
<a href="mailto:cristina.riberas@upr.edu">cristina.riberas@upr.edu</a></p>
<p><strong>Teléfonos:</strong><br />
787-834-6385 (Directo) / 787-832-4040 Exts. 3393, 3403</p>
<p>&nbsp;</p>
<h4 style="color: #006729;">ACT:</h4>
<p><strong>Sra. Jamilis Medina:</strong><br />
<a href="mailto:jammedina@act.pr.gov">jammedina@act.pr.gov</a></p>
<p><strong>Teléfono:</strong><br />
787-721-8787 Exts. 57220/52049</p>
<p><strong style="color: #006729;">NOTA:</strong><br />
Favor enviar la Forma ACT 770 y completar el formulario de registro.</p>
</div>

<p>REGISTRO FECHA Y HORA: Viernes, 18 de septiembre de 2026 1:20 PM &#8211; 4:30 PM (la sala virtual abrirá a la 1:00 PM) &nbsp; &nbsp; HORAS CONTACTO: Tres (3) horas [&hellip;]</p>
