{"id":19591,"date":"2026-04-29T18:35:02","date_gmt":"2026-04-29T22:35:02","guid":{"rendered":"https:\/\/prltap.org\/eng\/?post_type=tribe_events&#038;p=19591"},"modified":"2026-04-29T18:35:02","modified_gmt":"2026-04-29T22:35:02","slug":"webinar-etica-en-los-municipios-principios-casos-y-buenas-practicas-2","status":"publish","type":"tribe_events","link":"https:\/\/prltap.org\/eng\/event\/webinar-etica-en-los-municipios-principios-casos-y-buenas-practicas-2\/","title":{"rendered":"Webinar | \u00c9TICA EN LOS MUNICIPIOS: PRINCIPIOS, CASOS Y BUENAS PR\u00c1CTICAS"},"content":{"rendered":"<p><a class=\"mcnButton \" title=\"REGISTRO\" href=\"https:\/\/attendee.gotowebinar.com\/register\/3951674932051268181\" target=\"_blank\" rel=\"noopener\">REGISTRO<\/a><\/p>\n<p>&nbsp;<\/p>\n<p><strong style=\"color: #006729;\">FECHA:<\/strong><br \/>\nMartes, 26 de mayo de 2026<\/p>\n<p>&nbsp;<\/p>\n<p><strong style=\"color: #006729;\">HORA:<\/strong><br \/>\n8:50 AM &#8211; 12:00 PM (AST) (la plataforma virtual abrir\u00e1 a las 8:30 am)<\/p>\n<p>&nbsp;<\/p>\n<p><span style=\"color: #000000;\"><u style=\"color: #006729;\">HORAS CONTACTO:<\/u> Tres (3) horas generales para ingenieros y agrimensores del CIAPR.<\/span><\/p>\n<p>&nbsp;<\/p>\n<p><strong style=\"color: #006729;\">PLATAFORMA:<\/strong><br \/>\n<em>GoToWebinar<\/em><\/p>\n<p>&nbsp;<\/p>\n<p><strong style=\"color: #006729;\">INSTRUCTORA:<\/strong><br \/>\nLcda. Eimynela P\u00e9rez Rosario<br \/>\nAbogada &#8211; Notaria<br \/>\nPR LAW LLC<\/p>\n<p>&nbsp;<\/p>\n<p><strong style=\"color: #006729;\">REQUERIMIENTOS PARA CUALIFICAR PARA LAS HORAS CONTACTO DEL CIAPR:<\/strong><\/p>\n<ol>\n<li>Participar en el tiempo m\u00ednimo de participaci\u00f3n requerido 9:15 am a 12:00 pm.<\/li>\n<li>Durante el adiestramiento la Instructora mencionar\u00e1 cuatro (4) palabras claves.<\/li>\n<li>Luego de finalizado el adiestramiento, los participantes deben completar un formulario digital para escribir las cuatro (4) palabras claves mencionadas por la Instructora.<\/li>\n<li>Debe tener correctas al menos tres (3) de las palabras claves para cualificar para las horas contacto.<\/li>\n<li>Tendr\u00e1 solo una oportunidad para contestar el formulario en un periodo de 48 horas laborables luego de finalizado el adiestramiento.<\/li>\n<\/ol>\n<p>&nbsp;<\/p>\n<p><strong style=\"color: #006729;\">OBJETIVOS:<\/strong><\/p>\n<ul>\n<li>Definir los conceptos \u00e9ticos en el contexto del servicio p\u00fablico municipal en Puerto Rico.<\/li>\n<li>Discutir el marco legal y regulatorio en Puerto Rico.<\/li>\n<li>Analizar c\u00f3mo esos principios se aplican en actividades y proyectos municipales.<\/li>\n<li>Identificar dilemas \u00e9ticos frecuentes en la gesti\u00f3n municipal.<\/li>\n<li>Presentar herramientas pr\u00e1cticas para la toma de decisiones oportunas y responsables.<\/li>\n<li>Discutir los mecanismos de acci\u00f3n ante escenarios que puedan comprometer la \u00e9tica.<\/li>\n<li>Analizar casos de \u00e9tica en la gesti\u00f3n p\u00fablica.<\/li>\n<\/ul>\n<p>&nbsp;<\/p>\n<p><strong style=\"color: #006729;\">TEMAS:<\/strong><\/p>\n<ul>\n<li><strong>I. Introducci\u00f3n<\/strong>\n<ul>\n<li>Desarrollo del marco \u00e9tico regulatorio.<\/li>\n<li>La importancia de la \u00e9tica en la gesti\u00f3n municipal en Puerto Rico.<\/li>\n<\/ul>\n<\/li>\n<\/ul>\n<p>&nbsp;<\/p>\n<ul>\n<li><strong>II. Desarrollo del Marco Legal y Normativo en Puerto Rico<\/strong>\n<ul>\n<li>Ley de \u00c9tica Gubernamental de Puerto Rico (Ley N\u00fam. 1 de 3 de enero de 2012, seg\u00fan enmendada).<\/li>\n<li>Rol de la Oficina de \u00c9tica Gubernamental de Puerto Rico.<\/li>\n<li>C\u00f3digo Municipal de Puerto Rico, reglamentos y leyes aplicables.<\/li>\n<\/ul>\n<\/li>\n<\/ul>\n<p>&nbsp;<\/p>\n<ul>\n<li><strong>III. Fundamentos \u00c9ticos en el Contexto Municipal<\/strong>\n<ul>\n<li>Principios universales de \u00e9tica: integridad, transparencia, justicia, equidad.<\/li>\n<li>Distinci\u00f3n entre lo legal y lo \u00e9tico en la funci\u00f3n p\u00fablica.<\/li>\n<li>Responsabilidad de los alcaldes, legisladores municipales, contratistas y empleados.<\/li>\n<li>Disposiciones sobre conflicto de inter\u00e9s, prohibiciones y deberes.<\/li>\n<li>Valores aplicables al servicio p\u00fablico en Puerto Rico.<\/li>\n<\/ul>\n<\/li>\n<\/ul>\n<p>&nbsp;<\/p>\n<ul>\n<li><strong>IV. \u00c9tica en Actividades, Proyectos y Funciones Municipales<\/strong>\n<ul>\n<li>Contrataci\u00f3n p\u00fablica y subastas municipales.<\/li>\n<li>Manejo de fondos: estatales, federales.<\/li>\n<li>Transparencia en permisos, planificaci\u00f3n y obras de infraestructura.<\/li>\n<li>Participaci\u00f3n ciudadana y rendici\u00f3n de cuentas.<\/li>\n<li>Casos de conflictos de inter\u00e9s.<\/li>\n<\/ul>\n<\/li>\n<\/ul>\n<p>&nbsp;<\/p>\n<ul>\n<li><strong>V. \u00bfC\u00f3mo responder ante un dilema \u00e9tico en la gesti\u00f3n municipal?<\/strong>\n<ul>\n<li>Aplicaci\u00f3n de principios \u00e9ticos b\u00e1sicos y responsabilidad en los municipios.<\/li>\n<li>Buenas pr\u00e1cticas para alcaldes, legisladores municipales y contratistas.<\/li>\n<li>Recomendaciones pr\u00e1cticas para el cumplimiento \u00e9tico.<\/li>\n<li>Mecanismos de acci\u00f3n ante conductas anti\u00e9ticas.<\/li>\n<li>An\u00e1lisis de casos de \u00e9tica en asuntos gubernamentales y municipales.<\/li>\n<\/ul>\n<\/li>\n<\/ul>\n<p>&nbsp;<\/p>\n<p>&nbsp;<\/p>\n<p><strong style=\"color: #006729;\">INFORMACI\u00d3N DE CONTACTO:<\/strong><\/p>\n<p><strong><u style=\"color: #006729;\">Centro de Transferencia de Tecnolog\u00eda en Transportaci\u00f3n<\/u><\/strong><br \/>\nCiara Toro Rosario: ciara.toro@upr.edu<\/p>\n<p>Cristina M. Riberas Gonz\u00e1lez: cristina.riberas@upr.edu<\/p>\n<p><u><strong style=\"color: #006729;\">ACT<\/strong><\/u><br \/>\nJamilis Medina: jammedina@act.pr.gov<\/p>\n<p><em><strong>NOTA: Empleados de la ACT favor enviar la Forma ACT 770 y completar el formulario de registro.<\/strong><\/em><\/p>\n","protected":false},"excerpt":{"rendered":"<p>REGISTRO &nbsp; FECHA: Martes, 26 de mayo de 2026 &nbsp; HORA: 8:50 AM &#8211; 12:00 PM (AST) (la plataforma virtual abrir\u00e1 a las 8:30 am) &nbsp; HORAS CONTACTO: Tres (3) [&hellip;]<\/p>\n","protected":false},"author":18,"featured_media":0,"template":"","meta":{"_tribe_events_status":"","_tribe_events_status_reason":"","footnotes":""},"tags":[],"tribe_events_cat":[123],"class_list":{"0":"post-19591","1":"tribe_events","2":"type-tribe_events","3":"status-publish","5":"tribe_events_cat-webinar","6":"cat_webinar","7":"czr-hentry"},"jetpack_sharing_enabled":true,"_links":{"self":[{"href":"https:\/\/prltap.org\/eng\/wp-json\/wp\/v2\/tribe_events\/19591","targetHints":{"allow":["GET"]}}],"collection":[{"href":"https:\/\/prltap.org\/eng\/wp-json\/wp\/v2\/tribe_events"}],"about":[{"href":"https:\/\/prltap.org\/eng\/wp-json\/wp\/v2\/types\/tribe_events"}],"author":[{"embeddable":true,"href":"https:\/\/prltap.org\/eng\/wp-json\/wp\/v2\/users\/18"}],"version-history":[{"count":1,"href":"https:\/\/prltap.org\/eng\/wp-json\/wp\/v2\/tribe_events\/19591\/revisions"}],"predecessor-version":[{"id":19592,"href":"https:\/\/prltap.org\/eng\/wp-json\/wp\/v2\/tribe_events\/19591\/revisions\/19592"}],"wp:attachment":[{"href":"https:\/\/prltap.org\/eng\/wp-json\/wp\/v2\/media?parent=19591"}],"wp:term":[{"taxonomy":"post_tag","embeddable":true,"href":"https:\/\/prltap.org\/eng\/wp-json\/wp\/v2\/tags?post=19591"},{"taxonomy":"tribe_events_cat","embeddable":true,"href":"https:\/\/prltap.org\/eng\/wp-json\/wp\/v2\/tribe_events_cat?post=19591"}],"curies":[{"name":"wp","href":"https:\/\/api.w.org\/{rel}","templated":true}]}}

Webinar | ÉTICA EN LOS MUNICIPIOS: PRINCIPIOS, CASOS Y BUENAS PRÁCTICAS

<p><a class="mcnButton " title="REGISTRO" href="https://attendee.gotowebinar.com/register/3951674932051268181" target="_blank" rel="noopener">REGISTRO</a></p>
<p>&nbsp;</p>
<p><strong style="color: #006729;">FECHA:</strong><br />
Martes, 26 de mayo de 2026</p>
<p>&nbsp;</p>
<p><strong style="color: #006729;">HORA:</strong><br />
8:50 AM &#8211; 12:00 PM (AST) (la plataforma virtual abrirá a las 8:30 am)</p>
<p>&nbsp;</p>
<p><span style="color: #000000;"><u style="color: #006729;">HORAS CONTACTO:</u> Tres (3) horas generales para ingenieros y agrimensores del CIAPR.</span></p>
<p>&nbsp;</p>
<p><strong style="color: #006729;">PLATAFORMA:</strong><br />
<em>GoToWebinar</em></p>
<p>&nbsp;</p>
<p><strong style="color: #006729;">INSTRUCTORA:</strong><br />
Lcda. Eimynela Pérez Rosario<br />
Abogada &#8211; Notaria<br />
PR LAW LLC</p>
<p>&nbsp;</p>
<p><strong style="color: #006729;">REQUERIMIENTOS PARA CUALIFICAR PARA LAS HORAS CONTACTO DEL CIAPR:</strong></p>
<ol>
<li>Participar en el tiempo mínimo de participación requerido 9:15 am a 12:00 pm.</li>
<li>Durante el adiestramiento la Instructora mencionará cuatro (4) palabras claves.</li>
<li>Luego de finalizado el adiestramiento, los participantes deben completar un formulario digital para escribir las cuatro (4) palabras claves mencionadas por la Instructora.</li>
<li>Debe tener correctas al menos tres (3) de las palabras claves para cualificar para las horas contacto.</li>
<li>Tendrá solo una oportunidad para contestar el formulario en un periodo de 48 horas laborables luego de finalizado el adiestramiento.</li>
</ol>
<p>&nbsp;</p>
<p><strong style="color: #006729;">OBJETIVOS:</strong></p>
<ul>
<li>Definir los conceptos éticos en el contexto del servicio público municipal en Puerto Rico.</li>
<li>Discutir el marco legal y regulatorio en Puerto Rico.</li>
<li>Analizar cómo esos principios se aplican en actividades y proyectos municipales.</li>
<li>Identificar dilemas éticos frecuentes en la gestión municipal.</li>
<li>Presentar herramientas prácticas para la toma de decisiones oportunas y responsables.</li>
<li>Discutir los mecanismos de acción ante escenarios que puedan comprometer la ética.</li>
<li>Analizar casos de ética en la gestión pública.</li>
</ul>
<p>&nbsp;</p>
<p><strong style="color: #006729;">TEMAS:</strong></p>
<ul>
<li><strong>I. Introducción</strong>
<ul>
<li>Desarrollo del marco ético regulatorio.</li>
<li>La importancia de la ética en la gestión municipal en Puerto Rico.</li>
</ul>
</li>
</ul>
<p>&nbsp;</p>
<ul>
<li><strong>II. Desarrollo del Marco Legal y Normativo en Puerto Rico</strong>
<ul>
<li>Ley de Ética Gubernamental de Puerto Rico (Ley Núm. 1 de 3 de enero de 2012, según enmendada).</li>
<li>Rol de la Oficina de Ética Gubernamental de Puerto Rico.</li>
<li>Código Municipal de Puerto Rico, reglamentos y leyes aplicables.</li>
</ul>
</li>
</ul>
<p>&nbsp;</p>
<ul>
<li><strong>III. Fundamentos Éticos en el Contexto Municipal</strong>
<ul>
<li>Principios universales de ética: integridad, transparencia, justicia, equidad.</li>
<li>Distinción entre lo legal y lo ético en la función pública.</li>
<li>Responsabilidad de los alcaldes, legisladores municipales, contratistas y empleados.</li>
<li>Disposiciones sobre conflicto de interés, prohibiciones y deberes.</li>
<li>Valores aplicables al servicio público en Puerto Rico.</li>
</ul>
</li>
</ul>
<p>&nbsp;</p>
<ul>
<li><strong>IV. Ética en Actividades, Proyectos y Funciones Municipales</strong>
<ul>
<li>Contratación pública y subastas municipales.</li>
<li>Manejo de fondos: estatales, federales.</li>
<li>Transparencia en permisos, planificación y obras de infraestructura.</li>
<li>Participación ciudadana y rendición de cuentas.</li>
<li>Casos de conflictos de interés.</li>
</ul>
</li>
</ul>
<p>&nbsp;</p>
<ul>
<li><strong>V. ¿Cómo responder ante un dilema ético en la gestión municipal?</strong>
<ul>
<li>Aplicación de principios éticos básicos y responsabilidad en los municipios.</li>
<li>Buenas prácticas para alcaldes, legisladores municipales y contratistas.</li>
<li>Recomendaciones prácticas para el cumplimiento ético.</li>
<li>Mecanismos de acción ante conductas antiéticas.</li>
<li>Análisis de casos de ética en asuntos gubernamentales y municipales.</li>
</ul>
</li>
</ul>
<p>&nbsp;</p>
<p>&nbsp;</p>
<p><strong style="color: #006729;">INFORMACIÓN DE CONTACTO:</strong></p>
<p><strong><u style="color: #006729;">Centro de Transferencia de Tecnología en Transportación</u></strong><br />
Ciara Toro Rosario: ciara.toro@upr.edu</p>
<p>Cristina M. Riberas González: cristina.riberas@upr.edu</p>
<p><u><strong style="color: #006729;">ACT</strong></u><br />
Jamilis Medina: jammedina@act.pr.gov</p>
<p><em><strong>NOTA: Empleados de la ACT favor enviar la Forma ACT 770 y completar el formulario de registro.</strong></em></p>

<p>REGISTRO &nbsp; FECHA: Martes, 26 de mayo de 2026 &nbsp; HORA: 8:50 AM &#8211; 12:00 PM (AST) (la plataforma virtual abrirá a las 8:30 am) &nbsp; HORAS CONTACTO: Tres (3) [&hellip;]</p>
