{"id":6823,"date":"2017-07-10T19:55:54","date_gmt":"2017-07-10T19:55:54","guid":{"rendered":"http:\/\/prltap.org\/eng\/?page_id=6823"},"modified":"2017-12-12T15:31:25","modified_gmt":"2017-12-12T15:31:25","slug":"second-encounter-uprm-ciapr-presentations","status":"publish","type":"page","link":"https:\/\/prltap.org\/eng\/second-encounter-uprm-ciapr-presentations\/","title":{"rendered":"Second Encounter UPRM &#038; CIAPR Presentations"},"content":{"rendered":"<table summary=\"Collaborators\">\n<caption>Collaborators<\/caption>\n<tbody>\n<tr>\n<td style=\"text-align: left;\" width=\"30%\"><strong>Name<\/strong><\/td>\n<td style=\"text-align: left;\" width=\"70%\"><strong>Presentation<\/strong><\/td>\n<\/tr>\n<tr>\n<td>Eng. Rhonda Castillo<\/td>\n<td>&#8220;<a href=\"https:\/\/prltap.org\/eng\/wp-content\/uploads\/2013\/03\/Legislacion_Regula_Nuestras_Profesiones_Ingenieria_Agrimensura_Rhonda_Castillo.pdf\"><b>Legislaci\u00f3n que Regula Nuestras Profesiones de Ingenier\u00eda y Agrimensura<\/b><\/a>&#8220;<\/td>\n<\/tr>\n<tr>\n<td>Eng. Jos\u00e9 Deliz<\/td>\n<td>&#8220;<a href=\"https:\/\/prltap.org\/eng\/wp-content\/uploads\/2013\/03\/La_Educacion_Continuada_Profesiones_Ingenieria_Agrimensura_Ing_Jose_Deliz.pdf\"><b>La Educaci\u00f3n Continuada en las Profesiones de Ingenier\u00eda y Agrimensura<\/b><\/a>&#8220;<\/td>\n<\/tr>\n<tr>\n<td>Eng. Rodolfo Mangual<\/td>\n<td>&#8220;<a href=\"https:\/\/prltap.org\/eng\/wp-content\/uploads\/2013\/03\/Beneficios-de-la-Colegiacion-del-CIAPR_Ing.-Rodolfo-Mangual.pdf\"><b>Beneficios de la Colegiaci\u00f3n del CIAPR para los Ingenieros y Agrimensores<\/b><\/a>&#8220;<\/td>\n<\/tr>\n<tr>\n<td>Dr. George Cole<\/td>\n<td><a href=\"https:\/\/prltap.org\/eng\/wp-content\/uploads\/2013\/03\/Sea_Level_Measurement_Dr_Geroge_Cole.pdf\"><b>Sea Level Measurement<\/b><\/a><\/td>\n<\/tr>\n<tr>\n<td>Mr. Dennis Moss<\/td>\n<td>&#8220;<a href=\"https:\/\/prltap.org\/eng\/wp-content\/uploads\/2013\/03\/Diseno_Sistemas_Recoleccion_Aguas_Usadas_Succion_Estacion_Vacio_Sr_Dennis_Moss.pdf\"><b>Dise\u00f1o de Sistemas de Recolecci\u00f3n de Aguas Usadas por Succi\u00f3n y Estaci\u00f3n al Vac\u00edo<\/b><\/a>&#8220;<\/td>\n<\/tr>\n<tr>\n<td>Eng. Sebasti\u00e1n Banuchi<\/td>\n<td>&#8220;Sistemas de Generaci\u00f3n, Transmisi\u00f3n y Distribuci\u00f3n de la Autoridad de Energ\u00eda El\u00e9ctrica&#8221;<\/td>\n<\/tr>\n<tr>\n<td>Dr. Nayda Santiago<\/td>\n<td>&#8220;<a href=\"https:\/\/prltap.org\/eng\/wp-content\/uploads\/2013\/03\/Investigacion_Computacion_Dra_Nayda_G_Santiago.pdf\"><b>Investigaci\u00f3n en Computaci\u00f3n<\/b><\/a>&#8220;<\/td>\n<\/tr>\n<tr>\n<td>Eng. J. Ramphis Castro<\/td>\n<td><a href=\"https:\/\/prltap.org\/eng\/wp-content\/uploads\/2013\/03\/Now-What_Ing.-Ramphis-Castro.ppt-.pdf\"><b>Now What?: Opportunities &#038; Challenges for a Computer\/Software Engineer in the 21st Century<\/b><\/a><\/td>\n<\/tr>\n<tr>\n<td>Eng. Ervin Coss<\/td>\n<td><a href=\"https:\/\/prltap.org\/eng\/wp-content\/uploads\/2013\/03\/Herramientas_Tecnicas_Manejo_Capacidad_Ing_Ervin_Coss.pdf\"><b>Capacity Management, Tools and Techniques<\/b><\/a><\/td>\n<\/tr>\n<tr>\n<td>Mr. Juan Carlos Robaina<\/td>\n<td><a href=\"https:\/\/prltap.org\/eng\/wp-content\/uploads\/2013\/03\/Use_Green_Plastic_Plumbing_Design_Sr_Juan_Robaina.pdf\"><b>Use of Green Plastic in Plumbing Design<\/b><\/a><\/td>\n<\/tr>\n<tr>\n<td>Eng. Juan Santiago<\/td>\n<td>&#8220;<a href=\"https:\/\/prltap.org\/eng\/wp-content\/uploads\/2013\/03\/Principios_Basicos_Lean_Manufacturing_Ing_Juan_Santiago.pdf\"><b>Principios B\u00e1sicos de &#8220;Lean Manufacturing&#8221;<\/b><\/a>&#8220;<\/td>\n<\/tr>\n<tr>\n<td>Eng. Florabel Toro<\/td>\n<td>&#8220;<a href=\"https:\/\/prltap.org\/eng\/wp-content\/uploads\/2013\/03\/Mini_Escuela_Liderazgo_Manejo_Roles_Tiempo_Ing_Florabel_Toro.pdf\"><b>Mini Escuela de Liderazgo: Manejo de Tiempo<\/b><\/a>&#8220;<\/td>\n<\/tr>\n<tr>\n<td>Eng. Fernando Gonz\u00e1lez<\/td>\n<td>&#8220;<a href=\"https:\/\/prltap.org\/eng\/wp-content\/uploads\/2013\/03\/Mini_Escuela_Liderazgo_Manejo_Roles_Tiempo_Ing_Florabel_Toro.pdf\"><b>Mini Escuela de Liderazgo: Trabajo en Equipo<\/b><\/a>&#8220;<\/td>\n<\/tr>\n<tr>\n<td>Mr. Allen Nobles<\/td>\n<td><a href=\"https:\/\/prltap.org\/eng\/wp-content\/uploads\/2013\/03\/Multi-discipline_Applications_Laser_Scanning_Sr_Allen_Nobles.pdf\"><b>Multi-discipline Applications of Laser Scanning<\/b><\/a><\/td>\n<\/tr>\n<tr>\n<td>Dr. Manuel Rodr\u00edguez Perazza<\/td>\n<td>&#8220;<a href=\"https:\/\/prltap.org\/eng\/wp-content\/uploads\/2013\/03\/Importancia_CIAPR_UPRM_Juntos_PR_Mejor_Dr_Manuel_Rodriguez_Perazza.pdf\"><b>La Importancia del Colegio de Ingenieros y Agrimensores de Puerto Rico y la Universidad de Puerto Rico en Mayag\u00fcez para un Puerto Rico Mejor<\/b><\/a>&#8220;<\/td>\n<\/tr>\n<tr>\n<td>Eng. Eli\u00fa Hern\u00e1ndez<\/td>\n<td>&#8220;<a href=\"https:\/\/prltap.org\/eng\/wp-content\/uploads\/2013\/03\/Revalida_Ley_Colegiacion_Ing_Eliu_Hernandez.pdf\"><b>Rev\u00e1lida, Ley y Colegiaci\u00f3n<\/b><\/a>&#8220;<\/td>\n<\/tr>\n<\/tbody>\n<\/table>\n","protected":false},"excerpt":{"rendered":"<p>Collaborators Name Presentation Eng. Rhonda Castillo &#8220;Legislaci\u00f3n que Regula Nuestras Profesiones de Ingenier\u00eda y Agrimensura&#8220; Eng. Jos\u00e9 Deliz &#8220;La Educaci\u00f3n Continuada en las Profesiones de Ingenier\u00eda y Agrimensura&#8220; Eng. Rodolfo [&hellip;]<\/p>\n","protected":false},"author":14,"featured_media":0,"parent":0,"menu_order":0,"comment_status":"closed","ping_status":"closed","template":"","meta":{"iawp_total_views":9,"footnotes":""},"class_list":["post-6823","page","type-page","status-publish","czr-hentry"],"jetpack_sharing_enabled":true,"jetpack_shortlink":"https:\/\/wp.me\/P3cvCB-1M3","jetpack-related-posts":[{"id":804,"url":"https:\/\/prltap.org\/eng\/collaborations-with-ciapr\/","url_meta":{"origin":6823,"position":0},"title":"CIAPR","author":"carlos","date":"04\/03\/2013","format":false,"excerpt":"COLLABORATIONS WITH THE COLLEGE OF ENGINEERS AND SURVEYORS OF PUERTO RICO (CIAPR) The College of Engineers and Surveyors of Puerto Rico (CIAPR, by its abbreviation in Spanish) is a non-profit corporation established in 1938 to group the engineering and surveying professionals in the Commonwealth of Puerto Rico. The professionals involved\u2026","rel":"","context":"Similar post","block_context":{"text":"Similar post","link":""},"img":{"alt_text":"","src":"https:\/\/i0.wp.com\/prltap.org\/eng\/wp-content\/uploads\/2013\/03\/ciapr-colab.jpg?resize=350%2C200","width":350,"height":200},"classes":[]},{"id":413,"url":"https:\/\/prltap.org\/eng\/technical-presentations\/","url_meta":{"origin":6823,"position":1},"title":"Presentations","author":"carlos","date":"28\/02\/2013","format":false,"excerpt":"Throughout the years that the Puerto Rico Transportation Technology Transfer Center has operated, the director and past directors have presented several technical presentations in different forums.\u00a0 Here you will find recent presentations that have been prepared or presented by the Center's directors or staff. Not all documents are available in\u2026","rel":"","context":"Similar post","block_context":{"text":"Similar post","link":""},"img":{"alt_text":"","src":"","width":0,"height":0},"classes":[]},{"id":3836,"url":"https:\/\/prltap.org\/eng\/previous-ddetf-recipients-and-research-projects\/","url_meta":{"origin":6823,"position":2},"title":"Previous DDETF Recipients and Research Projects","author":"Webmaster","date":"30\/01\/2014","format":false,"excerpt":"*Recipients of the DDETF Fellowship Program per academic year Year Name Discipline Research Topic 2021-22 Juan M. Gonz\u00e1lez L\u00f3pez Electrical and Computer Engineering Machine Learning Tool for Trip Forecasting in E-Scooter Sharing Service 2021-22 David J. Seda-Hern\u00e1ndez Business Administration Factors That Drives The Community Of University Of Puerto Rico \u2013\u2026","rel":"","context":"Similar post","block_context":{"text":"Similar post","link":""},"img":{"alt_text":"","src":"","width":0,"height":0},"classes":[]},{"id":44,"url":"https:\/\/prltap.org\/eng\/advisory-commitee\/","url_meta":{"origin":6823,"position":3},"title":"Advisory Committee Members","author":"carlos","date":"22\/02\/2013","format":false,"excerpt":"NamePositionGovernment AgencyEng. Lynnette Alicea Le\u00f3nExecutive DirectorDepartment of Transportation and Public WorksMrs. Karen Correa PomalesPresidentPR Metropolitan Bus AuthorityEng. Marco Garc\u00eda GallinaSpecial Assistant to the Executive DirectorPR Highway and Transportation AuthorityEng. Linnette Mart\u00ednez AliceaEast Regional Director PR Integrated Transportation AuthorityEng. Josu\u00e9 L. Men\u00e9ndezDirectorPR Integrated Transportation AuthorityEng. Madeline Mu\u00f1iz P\u00e9rezConstruction Area DirectorPR Highway\u2026","rel":"","context":"Similar post","block_context":{"text":"Similar post","link":""},"img":{"alt_text":"office meeting","src":"https:\/\/i0.wp.com\/prltap.org\/eng\/wp-content\/uploads\/2013\/02\/advisory-300x225.jpg?resize=350%2C200","width":350,"height":200},"classes":[]},{"id":1019,"url":"https:\/\/prltap.org\/eng\/every-day-counts-old\/flexibility-in-right-of-way\/","url_meta":{"origin":6823,"position":4},"title":"Flexibility in Right of Way","author":"carlos","date":"06\/03\/2013","format":false,"excerpt":"Documentation: Flyer: EDC FROW EDC FROW Agenda Technical Presentations Deficiencias Recurrentes en el Proceso de Tasaci\u00f3n EDC FROW - FHWA Presentation EDC FROW - Informe de Valoraci\u00f3n Supporting Technical Documents Acreditaci\u00f3n de la Junta Examinadora de Evaluadores Profesionales de Bienes Ra\u00edces Evaluaci\u00f3n del Tasador Formato de tasacion Completo Formato Tasaci\u00f3n\u2026","rel":"","context":"Similar post","block_context":{"text":"Similar post","link":""},"img":{"alt_text":"","src":"","width":0,"height":0},"classes":[]},{"id":1029,"url":"https:\/\/prltap.org\/eng\/every-day-counts-old\/flexibilities-in-utility-relocation\/","url_meta":{"origin":6823,"position":5},"title":"Flexibilities in Utility Relocation","author":"carlos","date":"06\/03\/2013","format":false,"excerpt":"Documentation: Flyer: EDC Flexibility on Utility Relocation EDC FUR Agenda Technical Presentations EDC FUR OGPe Eng. Santos EDC FUR PRHTA Eng. Marcano EDC FUR PRHTA EDC FUR PRLTAP Supporting Technical Documents EDC FUR AAA EDC FUR AEE EDC FUR FHWA Eng. Guti\u00e9rrez EDC FUR OGPe Eng. Irrizarry EDC FUR PRTC\u2026","rel":"","context":"Similar post","block_context":{"text":"Similar post","link":""},"img":{"alt_text":"","src":"","width":0,"height":0},"classes":[]}],"_links":{"self":[{"href":"https:\/\/prltap.org\/eng\/wp-json\/wp\/v2\/pages\/6823","targetHints":{"allow":["GET"]}}],"collection":[{"href":"https:\/\/prltap.org\/eng\/wp-json\/wp\/v2\/pages"}],"about":[{"href":"https:\/\/prltap.org\/eng\/wp-json\/wp\/v2\/types\/page"}],"author":[{"embeddable":true,"href":"https:\/\/prltap.org\/eng\/wp-json\/wp\/v2\/users\/14"}],"replies":[{"embeddable":true,"href":"https:\/\/prltap.org\/eng\/wp-json\/wp\/v2\/comments?post=6823"}],"version-history":[{"count":5,"href":"https:\/\/prltap.org\/eng\/wp-json\/wp\/v2\/pages\/6823\/revisions"}],"predecessor-version":[{"id":7045,"href":"https:\/\/prltap.org\/eng\/wp-json\/wp\/v2\/pages\/6823\/revisions\/7045"}],"wp:attachment":[{"href":"https:\/\/prltap.org\/eng\/wp-json\/wp\/v2\/media?parent=6823"}],"curies":[{"name":"wp","href":"https:\/\/api.w.org\/{rel}","templated":true}]}}