{"id":413,"date":"2013-02-28T18:50:34","date_gmt":"2013-02-28T18:50:34","guid":{"rendered":"http:\/\/prltap.org\/eng\/?page_id=413"},"modified":"2024-06-26T11:38:26","modified_gmt":"2024-06-26T15:38:26","slug":"technical-presentations","status":"publish","type":"page","link":"https:\/\/prltap.org\/eng\/technical-presentations\/","title":{"rendered":"Presentations"},"content":{"rendered":"<p style=\"text-align: justify;\">Throughout the years that the Puerto Rico Transportation Technology Transfer Center has operated, the director and past directors have presented several technical presentations in different forums.\u00a0 Here you will find recent presentations that have been prepared or presented by the Center&#8217;s directors or staff.<\/p>\n<p style=\"text-align: justify;\">Not all documents are available in english.<\/p>\n<p style=\"text-align: center;\">2019<\/p>\n<p>&#8220;<a href=\"https:\/\/prltap.org\/eng\/wp-content\/uploads\/2019\/08\/B.Colucci-COI2NAR-UPADI.pdf\" target=\"null\" rel=\"noopener noreferrer\">Strategies for the Sustainability and Resiliency for the Highway Transportation Infrastructure in Puerto Rico<\/a>&#8220;.\u00a0 \u00a0First International Congress of Engineering and Surveying (COI2NAR); College of Engineers and Surveyors of Puerto Rico (CIAPR) at Hato Rey. May 3, 2019<\/p>\n<p>&#8220;<a href=\"https:\/\/prltap.org\/eng\/wp-content\/uploads\/2019\/08\/FINAL_Benjamin-Colucci_Mega-Viernes-Civil-2019_gve.pdf\">Infraestructura de Transportaci\u00f3n de Puerto Rico: Adelantos en el Plan de Recuperaci\u00f3n y Resiliencia Post Hurac\u00e1n Mar\u00eda<\/a>&#8220;.\u00a0 \u00a0Mega Viernes Civil 2019, Centro de Convenciones de Puerto Rico. April 5, 2019<\/p>\n<p style=\"text-align: center;\">2018<\/p>\n<p><em>&#8220;<a href=\"https:\/\/prltap.org\/eng\/wp-content\/uploads\/2019\/08\/Dr.-Benjam\u00edn-Colucci_8vo-Simposio-de-Mantenimiento-de-Edificios.pdf\">Lessons Learned as a Result of Hurricane Maria in the Road Infrastructure of Puerto Rico<\/a>&#8220;.8vo Simposio de Mantenimiento de Edificios: Lecciones aprendidas luego de un desastre natural;<\/em> College of Engineers and Surveyors or Puerto Rico (CIAPR) at Hato Rey, Puerto Rico; June 29, 2018<\/p>\n<p><em>&#8220;<a href=\"https:\/\/prltap.org\/eng\/wp-content\/uploads\/2019\/08\/CIAPR-EXPO-CUMBRE-2018-COLUCCI.pdf\">Innovative Proposals in Short and Medium Term to Reinvent Strategically, Safely and Sustainably the Transportation Network of the 21st Century Puerto Rico<\/a>&#8220;.2018 Expo Summit of Engineering and Surveying;<\/em> Convention Center, San Juan, Puerto Rico. May 25, 2018<\/p>\n<p style=\"text-align: justify;\">&#8220;<a title=\"Impact of Hurricane Maria on Puerto Rico\u2019s Transportation Infrastructure--Lessons Learned--ITE-PR Spring Meeting\" href=\"https:\/\/prltap.org\/eng\/wp-content\/uploads\/2019\/08\/Impact-of-Hurricane-Maria-on-Puerto-Rico\u2019s-Transportation-Infrastructure-Lessons-Learned-ITE-PR-Spring-Meeting.pdf\" target=\"null\" rel=\"noopener noreferrer\">Status and Lessons Learned of Puerto Rico\u2019s Transportation Infrastructure as a Result of Hurricane Mar\u00eda<\/a>&#8220;.\u00a0 \u00a0College of Engineers and Surveyors of Puerto Rico (CIAPR) at Hato Rey, Puerto Rico. April 27, 2018<\/p>\n<p><em>&#8220;<a href=\"https:\/\/prltap.org\/eng\/wp-content\/uploads\/2019\/08\/Uso-de-Herramientas-Practicas-para-Ejercer-la-Transportaci\u00f3n-ITE-Open-House-2018.pdf\">Use of Practical Tools to Exercise Transportation in this Millennium<\/a>&#8220;.\u00a0 <\/em>ITE-RUM Transportation Week;University of Puerto Rico at Mayag\u00fcez (UPRM), Civil Engineering Auditorium. March 21, 2018<\/p>\n<p><em>&#8220;<a href=\"https:\/\/prltap.org\/eng\/wp-content\/uploads\/2019\/08\/CoHemis-2018.pdf\">Impact of Maria on the Infrastructure of Puerto Rico: Transportation and Traffic<\/a>&#8220;. 4TH Conversatory on Resilience and Climate Change: Hurricane Mar\u00eda Impact in the Puerto Rico Infrastructure, <\/em>Organized by the Hemispheric Center of Cooperation(CoHemis). February 20, 2018<\/p>\n<p><em>&#8220;<a href=\"https:\/\/prltap.org\/eng\/wp-content\/uploads\/2019\/08\/Intersecciones-en-las-v\u00edas-p\u00fablicas-de-Puerto-Rico-final-April-13-2018.pdf\">How does an intersection work? and International Experiences of Educational Programs in Road Safety<\/a><\/em><em>&#8220;. <\/em>Sponsored by CSA Group, as part of the Seminar series associated with implementation of the Strategic Highway Safety Plan of Puerto Rico; Metropolitan Bus Authority (MBA). February 16, 2018<\/p>\n<p style=\"text-align: center;\">2017<\/p>\n<p style=\"text-align: justify;\">&#8220;<a href=\"https:\/\/prltap.org\/eng\/wp-content\/uploads\/2017\/11\/Disen\u0303o-de-sistemas-de-transporte-basado-en-la-AASHTO-y-su-vi\u0301nculo-a-la-ingenieri\u0301a-estructural-final-ifr.pdf\">Dise\u00f1o de sistemas de transporte basado en la AASHTO y su v\u00ednculo con la ingenier\u00eda estructural<\/a>&#8220;. 1st Pan-American Congress of Structural Engineering, in Tarija, Bolivia. October 26-28, 2017<\/p>\n<p style=\"text-align: justify;\">&#8220;<a href=\"https:\/\/prltap.org\/eng\/wp-content\/uploads\/2017\/10\/Seguridad-en-los-Sist-de-Transpo-Terrestre_Brazil.pdf\">Seguridad en los Sistemas de Transporte Terrestre en Las Am\u00e9ricas: Ideas Innovadoras para los Retos y Desaf\u00edos de este Milenio<\/a>&#8220;. 74th Official Week of Engineering and Agronomy, Hangar Convention and Fair Center of the Amazon, in Bel\u00e9m, Brazil. August 10, 2017.<\/p>\n<p style=\"text-align: justify;\"><a href=\"https:\/\/prltap.org\/eng\/wp-content\/uploads\/2017\/10\/Road-User-Awareness-Campaigns-and-Strategic-Highway-Safety-Plan-Success-Stories-in-Putting-Safety-First-Toward-Zero-Deaths-ITE-CITE-2017-Revisi\u00f3n-AM.pdf\">Road User Awareness Campaigns and Strategic Highway Safety Plan: Success Stories in Putting Safety First Toward Zero Deaths<\/a>. Presentation, Joint ITE\/CITE 2017 Annual Meeting and Exhibit, Toronto, Canada. August 2, 2017.<\/p>\n<p style=\"text-align: justify;\">Preliminary Before and After Speed Studies as a Tool to Assess The Effectiveness of Centerline Rumble Strips in Rural Roads. 15th Annual Latin American and Caribbean Congress of Engineering Institutions (LACCEI), in Boca Rat\u00f3n, Florida. July 19-21, 2017.<\/p>\n<p style=\"text-align: justify;\">&#8220;Simulador de Conducci\u00f3n para An\u00e1lisis de las Caracter\u00edsticas Geom\u00e9tricas y Operacionales del Peaje Din\u00e1mico de Puerto Rico de la PR-22&#8221;. 15th Annual Latin American and Caribbean Congress of Engineering Institutions (LACCEI), in Boca Rat\u00f3n, Florida, USA. July 19-21, 2017.<\/p>\n<p style=\"text-align: justify;\">Highway Maintenance and its Importance for Road Safety. Pan-American Union of Engineers Associations (UPADI), in San Jos\u00e9, Costa Rica. June 29-30, 2017.<\/p>\n<p style=\"text-align: justify;\">&#8220;Mantenimiento de Carreteras y su Importancia para la Seguridad Vial&#8221;, in San Jos\u00e9, Costa Rica. June 29-30, 2017<\/p>\n<p style=\"text-align: justify;\">Successful Implementation of the Puerto Rico Strategic Highway Safety Plan 2014-2018: Key Elements that Can be Adapted to the Caribbean Region. Safer Roads by DesignTM Caribbean Regional Congress, International Road Federation (IRF), in Montego Bay,\u00a0Jamaica. May 18, 2017.<\/p>\n<p style=\"text-align: justify;\">Design, Installation and Maintenance of Pavement Marking for Transport Infrastructure. Expo Summit of Engineering and Surveying 2017, CIAPR, Hato Rey, Puerto Rico. May 12, 2017<\/p>\n<p style=\"text-align: justify;\">Road Assessment and Maintenance. Expo Summit of Engineering and Surveying 2017&#8243;, CIAPR, Hato Rey, Puerto Rico. May 12, 2017<\/p>\n<p style=\"text-align: justify;\">National Local Technical Assistant Program Association (NLTAPA) Southeast Region Meeting. Orange Beach, Alabama. April 17-20, 2017.<\/p>\n<p style=\"text-align: justify;\"><a href=\"https:\/\/prltap.org\/eng\/wp-content\/uploads\/2013\/02\/E\u0301tica-en-la-Comunidad-March-2017.compressed.pdf\">Ethics in the Community<\/a>. Porta del Sol National Ethic Encounter, CIAPR, Mayag\u00fcez, Puerto Rico. March 24, 2017.<\/p>\n<p style=\"text-align: justify;\"><a href=\"https:\/\/prltap.org\/eng\/wp-content\/uploads\/2017\/10\/COLUCCI-MOLANO-Impact-Climate-Change-Highway-transportation-Infrastructure-Urban-Coast-Caribbean.pdf\">Impact of Climate Change in the Highway and Transportation Infrastructure Adjacent to the Coast in Urban Settings of Caribbean Countries<\/a>. Lessons Learned and Best Practices: Resilience of Coastal Infrastructure, CIAPR, Hato Rey, Puerto Rico. March 9, 2017.<\/p>\n<p style=\"text-align: justify;\">Engineering and Surveying for a Resilient Puerto Rico: Applications to the Transport Infrastructure. COINAR 2017, CIAPR, Hato Rey, Puerto Rico, March 6, 2017.<\/p>\n<p style=\"text-align: justify;\">Security in Transportation Systems in the Americas: Innovative Ideas for the Challenges and Challenges of this Millennium. Exposition in International Technical Engineering Congress, UPADI, Sucre, Bolivia. January 26, 2017.<\/p>\n<p style=\"text-align: justify;\">A Comparative Analysis of Toll Plazas Safety Features in Puerto Rico and Massachusetts Using a Driving Simulator. The Transportation Research Board (TRB) 96th Annual Meeting. January 9, 2017.<\/p>\n<p style=\"text-align: center;\">2016<\/p>\n<p style=\"text-align: justify;\">&#8220;Manejo de \u201cBig Data\u201d Aplicado a Estudios de Plazas de Peaje Utilizando un Simulador de Conducci\u00f3n&#8221;. Engineering Innovations for Global Sustainability: Proceedings of the 14th LACCEI International Multi-Conference for Engineering, Education and Technology. 2016.<\/p>\n<p style=\"text-align: center;\">2014<\/p>\n<p style=\"text-align: justify;\"><a href=\"https:\/\/prltap.org\/eng\/wp-content\/uploads\/2015\/01\/Characterization-of-Pedestrian-Fatalities-in-Urban-Arterial-Corridor-in-Puerto-Rico1.pdf\">Characterization of Pedestrian Fatalities in Urban Arterial Corridor in Puerto Rico<\/a>. 1st International Road Federation Asia Regional Congress, in Bali Indonesia. November 17-19, 2014.<\/p>\n<p style=\"text-align: justify;\">Development of Crash Modification Factors for Longitudinal Rumble Strips for Freeway Applications: Phase I Development of Safety Performance Functions. 1st International Road Federation Asia Regional Congress, in Bali Indonesia. November 17-19, 2014.<\/p>\n<p style=\"text-align: justify;\">\u201c<a href=\"https:\/\/prltap.org\/eng\/wp-content\/uploads\/2015\/01\/Responsabilidad-de-J\u00f3venes-al-Volante.pdf\">Responsabilidad de J\u00f3venes al Volante: Unidos podemos salvar vidas en las carreteras<\/a>\u201d. Gilberto Concepci\u00f3n de Gracia High School, Carolina, Puerto Rico. November 12, 2014.<\/p>\n<p style=\"text-align: justify;\">\u201cNuevo Enfoque en el Desarrollo Profesional de L\u00edderes en la Transportaci\u00f3n\u201d. Engineering 2014: Latin America and Caribbean \u2013 Congress and Exposition, in Buenos Aires, Argentina. November 4-6, 2014.<\/p>\n<p style=\"text-align: justify;\"><a href=\"https:\/\/prltap.org\/eng\/wp-content\/uploads\/2015\/01\/Cost-Effective-Strategies-to-Raise-Awareness.pdf\">Cost Effective Strategies to Raise Awareness to Vulnerable Users and Increase Highway Safety in Hispanic Countries in the session SRD4: Vulnerable Users Safety Executive Session<\/a>. 1st International Road Federation Asia Regional Congress, in Bali Indonesia. November 17-19, 2014.<\/p>\n<p style=\"text-align: justify;\">\u201c<a href=\"https:\/\/prltap.org\/eng\/wp-content\/uploads\/2015\/01\/Implantaci\u00f3n-del-Plan-Estrat\u00e9gico-de-Seguridad-Vial-de-Puerto-Rico-2014-2018.pdf\">Implantaci\u00f3n del Plan Estrat\u00e9gico de Seguridad Vial de Puerto Rico: 2014-2018<\/a>\u201d. University of Puerto Rico, Arecibo Campus, Arecibo, Puerto Rico. October 23, 2014.<\/p>\n<p style=\"text-align: justify;\">\u201c<a href=\"https:\/\/prltap.org\/eng\/wp-content\/uploads\/2015\/01\/M\u00e9todos-Pr\u00e1cticos-de-Dise\u00f1o-y-Construcci\u00f3n-de-RCCP.pdf\">M\u00e9todos Pr\u00e1cticos de Dise\u00f1o y Construcci\u00f3n de RCCP: Experiencias en Puerto Rico<\/a>\u201d. American Concrete Institute, Puerto Rico Chapter. Hato Rey, Puerto Rico. October 9, 2014.<\/p>\n<p style=\"text-align: justify;\">Development of Safety Performance Functions for Freeways in Puerto Rico. 4th Ibero-American Road Safety Congress (CISEV), in Canc\u00fan, Mexico. September 30 &#8211; October 2, 2014.<\/p>\n<p style=\"text-align: justify;\">\u201c<a href=\"https:\/\/prltap.org\/eng\/wp-content\/uploads\/2015\/01\/Programas-Innovadores-para-Promover-la-Seguridad-Vial-en-Pa\u00edses-Latinoamericanos.pdf\">Programas Innovadores para Promover la Seguridad Vial en Pa\u00edses Latinoamericanos: Plan de Acci\u00f3n Aplicado a Puerto Rico<\/a>\u201d. 4th Ibero-American Road Safety Congress (CISEV), in Canc\u00fan, Mexico. September 30 &#8211; October 2, 2014.<\/p>\n<p style=\"text-align: justify;\">\u201cLos L\u00edderes Emergentes de la ITE y su Role en el Desarrollo Socio-Econ\u00f3mico de Puerto Rico, Estados Unidos y a Nivel Internacional\u201d. ITE-UPRM First General Assembly, Univerity of Puerto Rico, Mayag\u00fcez Campus, Mayag\u00fcez, Puerto Rico. September 9, 2014.<\/p>\n<p style=\"text-align: justify;\">\u201cProgramas Innovadores para Promover la Investigaci\u00f3n y la Transferencia Tecnol\u00f3gica en Pa\u00edses Panamericanos\u201d. Pan-American Academy of Engineering (API), in Santa Cruz de la Sierra, Bolivia. August 12, 2014.<\/p>\n<p style=\"text-align: justify;\"><a href=\"https:\/\/prltap.org\/eng\/wp-content\/uploads\/2015\/01\/Development-of-Crash-Modification-Factors-for-Rumble-Strips-Treatment-for-Freeway-Applications.pdf\">Development of Crash Modification Factors for Rumble Strips Treatment for Freeway Applications: Phase I Development of Safety Performance Functions<\/a>. 12th Latin American and Caribbean Consortium of Engineering Institutions (LACCEI) 2014, in Guayaquil, Ecuador. July 23, 2014.<\/p>\n<p style=\"text-align: justify;\">Lessons Learned Regarding the Transportation Infrastructure and Socioeconomic Development in Istanbul, Saudi Arabia, and Dubai. University of Puerto Rico, Department of Civil Engineering and Surveying. March 25, 2014<\/p>\n<p style=\"text-align: justify;\">&#8220;<a href=\"https:\/\/prltap.org\/eng\/wp-content\/uploads\/2013\/02\/Seguridad-y-Aspectos-Legales-IIC-Gurabo-Final_24-junio-2014.pdf\" target=\"_blank\" rel=\"noopener noreferrer\">Seguridad Vial y Aspectos Legales<\/a>&#8220;. Civil Engineers Institute (IIC in Spanish). Gurabo, PR, June 24, 2014; Arecibo, PR, April 10, 2014.<\/p>\n<p style=\"text-align: center;\">2013<\/p>\n<p style=\"text-align: justify;\"><a href=\"https:\/\/prltap.org\/eng\/wp-content\/uploads\/2013\/08\/2013-Innovative-Road-User-Awareness-Campaigns-to-Enhance-Highway-Safety-in-Puerto-Rico-Final.imprimir.pdf\" target=\"_blank\" rel=\"noopener noreferrer\">Innovative Road User Awareness Campaign to Enhance Highway Safety in Puerto Rico<\/a>. Poster for the Decade of Action for Road Safety Campaign 2011-2020, 2013 NLTAPA Annual Meeting, Boise, Idaho, USA. July 22-25, 2013.<\/p>\n<p style=\"text-align: justify;\" align=\"center\"><a href=\"https:\/\/prltap.org\/eng\/wp-content\/uploads\/2013\/08\/2013-Success-Stories-of-EDC-Initiatives-in-Puerto-RIco-and-US-Virgin-Islands.pdf\" target=\"_blank\" rel=\"noopener noreferrer\">Success Stories of EDC Initiatives in Puerto Rico and the US Virgin Islands<\/a>, Poster for the Decade of Action for Road Safety Campaign 2011-2020, 2013 NLTAPA Annual Meeting, Boise, Idaho, USA. July 22-25, 2013.<\/p>\n<p align=\"center\">2012<\/p>\n<p style=\"text-align: justify;\">&#8220;<a href=\"https:\/\/prltap.org\/eng\/wp-content\/uploads\/2013\/08\/2012-Programas-Innovadores-para-Contribuir-a-la-Educaci\u00f3n-en-la-Seguridad-Vial-en-las-V\u00edas-P\u00fablicas-de-Puerto-Rico-4x4.pdf\" target=\"_blank\" rel=\"noopener noreferrer\">Programas Innovadores para Contribuir a la Educaci\u00f3n en la Seguridad Vial en las V\u00edas P\u00fablicas de Puerto Rico<\/a>&#8220;, in Bogot\u00e1, Colombia. June 13, 2012<\/p>\n<p style=\"text-align: justify;\"><a href=\"https:\/\/prltap.org\/eng\/wp-content\/uploads\/2013\/08\/2012-LACCEI-Innovative-Programs-to-Contribute-to-the-Road-Safety-Education-in-the-Public-Highways-of-Puerto-Rico-4x4.pdf\" target=\"_blank\" rel=\"noopener noreferrer\">Innovative Programs to Contribute to the Road Safety Education in the Public Highways of Puerto Rico<\/a>. 10th Latin American and Caribbean Conference for Engineering and Technology (LACCEI), in Panama City, Panama. July 17, 2012.<\/p>\n<p style=\"text-align: justify;\"><a href=\"https:\/\/prltap.org\/eng\/wp-content\/uploads\/2013\/08\/2012-FHWAS-Systemic-Approaches-to-Highway-Safety-2012-NACE-Annual-Conference.pdf\" target=\"_blank\" rel=\"noopener noreferrer\">Systemic Approaches to Highway Safety<\/a>, in Lexington, Kentucky. April 4, 2012.<\/p>\n<p align=\"center\">2011<\/p>\n<p style=\"text-align: justify;\">Practical Guidelines for the implementation of Road Safety Audits, sponsored by the Transportation Technology Transfer Center, in the Civil Engineering and Surveying Department Auditorium at UPRM. May 6, 2011<\/p>\n<p style=\"text-align: center;\">2010<\/p>\n<p style=\"text-align: justify;\"><a href=\"https:\/\/prltap.org\/eng\/?page_id=420\">Outstanding Participation of UPRM Students in the Annual Congress of Transportation<\/a>. Washington, D.C. January 2010. (<a href=\"http:\/\/www.uprm.edu\/news\/articles\/as2010017.html\">www.uprm.edu\/news\/articles\/as2010017.html<\/a>)<\/p>\n<p style=\"text-align: center;\">\u00a02008<\/p>\n<p style=\"text-align: justify;\">&#8220;<a href=\"https:\/\/prltap.org\/eng\/wp-content\/uploads\/2013\/02\/Historiamercadeo-planificaci\u00f3n-etc..pdf\">Historia, Mercadeo y Planificaci\u00f3n del Tren Urbano en el \u00c1rea Metropolitana de San Juan<\/a>&#8220;. 13th Intermediate Meeting of the Technical Committees of the Latin American Association of Metros and Subways (ALAMYS), in San Juan, Puerto Rico. 2008.<\/p>\n<p style=\"text-align: justify;\"><a href=\"https:\/\/prltap.org\/eng\/wp-content\/uploads\/2013\/02\/Implementaci%C3%B3n-of-a-GPS-Based.pdf\">Implementation of a GPS-Based Software Tool to Conduct Road Inventory and Safety Audits<\/a>. 10th International Conference on Application of Advanced Technologies in Transportation (AATT), in Athens, Greece. 2008.<\/p>\n<p style=\"text-align: center;\">2007<\/p>\n<p style=\"text-align: justify;\"><a href=\"https:\/\/prltap.org\/eng\/wp-content\/uploads\/2013\/02\/TheFirst20.pdf\">The First 20 Years of the Puerto Rico Transportation Technology Transfer Center in the Training of Engineers and Transportation Officials<\/a>. International Conference on Engineering Education (ICEE), in Coimbra, Portugal. 2007.<\/p>\n<p style=\"text-align: justify;\">Roadway Design Elements and Human Factors of Motorcycle Crashes in Puerto Rico. 5th Latin American and Caribbean Conference for Engineering and Technology (LACCEI), in Tampico, Mexico. 2007.<\/p>\n<p style=\"text-align: justify;\"><a href=\"https:\/\/prltap.org\/eng\/wp-content\/uploads\/2013\/02\/MotorcycleCrashes.pdf\">Motorcycle Crashes and its Implications to Local Roads<\/a>. Southeast Local Roads Conference (LTAP SELRC). Orange Beach, Alabama. 2007.<\/p>\n<p style=\"text-align: center;\">\u00a02006<\/p>\n<p style=\"text-align: justify;\"><a href=\"https:\/\/prltap.org\/eng\/wp-content\/uploads\/2013\/02\/Relationship-Between-Road-Design.pdf\">Relationships between Road Design, Driver Behavior and Safety in Four-lane Highways<\/a>. 4th Latin American and Caribbean Conference for Engineering and Technology (LACCEI). Mayag\u00fcez, Puerto Rico. 2006.<\/p>\n<p style=\"text-align: justify;\"><a href=\"https:\/\/prltap.org\/eng\/wp-content\/uploads\/2013\/02\/Sistema-de-Gerencia-en-Seguridad-Vial.pdf\">&#8220;Sistema de Gerencia en Seguridad Vial: Integrando la Planificaci\u00f3n, el Dise\u00f1o Geom\u00e9trico y la Auditor\u00eda de las Carreteras&#8221;<\/a>. 1st Puerto Rican Road Safety Summit. Automobile Accident Compensation Administration (ACAA). Carolina, Puerto Rico. 2006.<\/p>\n<p>\u00a0<\/p>\n<p style=\"text-align: center;\"><span style=\"font-size: 10px;\">*Copyright \u00a9 All rights reserved. No part of these publications may be reproduced, stored in a retrieval system, or transmitted, in any form or by any means, electronic, mechanical, photocopying, recording, or otherwise, without prior written permission of the author.<\/span><\/p>\n\n\n<p><\/p>\n","protected":false},"excerpt":{"rendered":"<p>Throughout the years that the Puerto Rico Transportation Technology Transfer Center has operated, the director and past directors have presented several technical presentations in different forums.\u00a0 Here you will find [&hellip;]<\/p>\n","protected":false},"author":14,"featured_media":0,"parent":0,"menu_order":0,"comment_status":"closed","ping_status":"closed","template":"","meta":{"iawp_total_views":654,"footnotes":""},"class_list":["post-413","page","type-page","status-publish","czr-hentry"],"jetpack_sharing_enabled":true,"jetpack_shortlink":"https:\/\/wp.me\/P3cvCB-6F","jetpack-related-posts":[{"id":804,"url":"https:\/\/prltap.org\/eng\/collaborations-with-ciapr\/","url_meta":{"origin":413,"position":0},"title":"CIAPR","author":"carlos","date":"04\/03\/2013","format":false,"excerpt":"COLLABORATIONS WITH THE COLLEGE OF ENGINEERS AND SURVEYORS OF PUERTO RICO (CIAPR) The College of Engineers and Surveyors of Puerto Rico (CIAPR, by its abbreviation in Spanish) is a non-profit corporation established in 1938 to group the engineering and surveying professionals in the Commonwealth of Puerto Rico. The professionals involved\u2026","rel":"","context":"Similar post","block_context":{"text":"Similar post","link":""},"img":{"alt_text":"","src":"https:\/\/i0.wp.com\/prltap.org\/eng\/wp-content\/uploads\/2013\/03\/ciapr-colab.jpg?resize=350%2C200","width":350,"height":200},"classes":[]},{"id":788,"url":"https:\/\/prltap.org\/eng\/municipalities\/","url_meta":{"origin":413,"position":1},"title":"Municipalities","author":"carlos","date":"04\/03\/2013","format":false,"excerpt":"JOINT ACTIVITIES WITH MUNICIPALITIES The Center had collaborated with Puerto Rico municipalities by offering\u00a0courses to address their needs. The following are examples of such courses. L\u00edmites de Municipios y Barrios a Establecerse con GP\u00a0(spanish only) Actualizaci\u00f3n de Bases de Datos y su Impacto en Sistemas de Informaci\u00f3n Geogr\u00e1ficos\u00a0(spanish only) The\u2026","rel":"","context":"Similar post","block_context":{"text":"Similar post","link":""},"img":{"alt_text":"","src":"","width":0,"height":0},"classes":[]},{"id":8455,"url":"https:\/\/prltap.org\/eng\/2023-ustpe\/","url_meta":{"origin":413,"position":2},"title":"2023 United States Territorial Peer Exchange (USTPE)","author":"Irmali Franco","date":"04\/01\/2023","format":false,"excerpt":"Program, Speakers' Bios and Participants List Gallery Day 1 Welcome Remarks David Ambuehl, Chief Deputy District Director, Caltrans (video) Gloria Shepherd, FHWA Leadership (video) White House Office for Puerto Rico and Territories Coordination Territories Presentation American Samoa Guam Commonwealth Northern Mariana Islands (CNMI) Puerto Rico United States Virgin Islands (USVI)\u2026","rel":"","context":"Similar post","block_context":{"text":"Similar post","link":""},"img":{"alt_text":"","src":"https:\/\/i0.wp.com\/prltap.org\/eng\/wp-content\/uploads\/2023\/02\/USTPE-2023-Banner.png?resize=350%2C200&ssl=1","width":350,"height":200,"srcset":"https:\/\/i0.wp.com\/prltap.org\/eng\/wp-content\/uploads\/2023\/02\/USTPE-2023-Banner.png?resize=350%2C200&ssl=1 1x, https:\/\/i0.wp.com\/prltap.org\/eng\/wp-content\/uploads\/2023\/02\/USTPE-2023-Banner.png?resize=525%2C300&ssl=1 1.5x"},"classes":[]},{"id":503,"url":"https:\/\/prltap.org\/eng\/technical-papers\/","url_meta":{"origin":413,"position":3},"title":"Papers","author":"carlos","date":"28\/02\/2013","format":false,"excerpt":"Throughout the years that the Puerto Rico Transportation Technology Transfer Center has operated, the Directors have presented several technical papers in different forums. \u00a0Here you will find some of the recent papers that have been prepared by our Center. Not all documents are available in english. 2017 Preliminary Before and\u2026","rel":"","context":"Similar post","block_context":{"text":"Similar post","link":""},"img":{"alt_text":"","src":"","width":0,"height":0},"classes":[]},{"id":3836,"url":"https:\/\/prltap.org\/eng\/previous-ddetf-recipients-and-research-projects\/","url_meta":{"origin":413,"position":4},"title":"Previous DDETF Recipients and Research Projects","author":"Webmaster","date":"30\/01\/2014","format":false,"excerpt":"*Recipients of the DDETF Fellowship Program per academic year Year Name Discipline Research Topic 2021-22 Juan M. Gonz\u00e1lez L\u00f3pez Electrical and Computer Engineering Machine Learning Tool for Trip Forecasting in E-Scooter Sharing Service 2021-22 David J. Seda-Hern\u00e1ndez Business Administration Factors That Drives The Community Of University Of Puerto Rico \u2013\u2026","rel":"","context":"Similar post","block_context":{"text":"Similar post","link":""},"img":{"alt_text":"","src":"","width":0,"height":0},"classes":[]},{"id":1092,"url":"https:\/\/prltap.org\/eng\/dde-fellowship\/ddetf-recipients-2007-2008\/","url_meta":{"origin":413,"position":5},"title":"DDETF Recipients 2007-2008","author":"Webmaster","date":"06\/03\/2013","format":false,"excerpt":"Dwight David Eisenhower Transportation Fellowship Program Hispanic Serving Institutions Fellowship Program Recipients University of Puerto Rico at Mayaguez Name Research Topic (Abstracts) Academic Year\u00a0 2007-2008 click to send email Photo \u00a0 Mar\u00eda F. Alegr\u00eda Velasco Evaluation of Pedestrian Safety in School Zones in Puerto Rico Peter Morales Nieves Evaluation of\u2026","rel":"","context":"Similar post","block_context":{"text":"Similar post","link":""},"img":{"alt_text":"","src":"https:\/\/i0.wp.com\/prltap.org\/eng\/wp-content\/uploads\/2013\/03\/Maria-Fernanda-Small-e1362597104870.jpg?resize=350%2C200","width":350,"height":200},"classes":[]}],"_links":{"self":[{"href":"https:\/\/prltap.org\/eng\/wp-json\/wp\/v2\/pages\/413","targetHints":{"allow":["GET"]}}],"collection":[{"href":"https:\/\/prltap.org\/eng\/wp-json\/wp\/v2\/pages"}],"about":[{"href":"https:\/\/prltap.org\/eng\/wp-json\/wp\/v2\/types\/page"}],"author":[{"embeddable":true,"href":"https:\/\/prltap.org\/eng\/wp-json\/wp\/v2\/users\/14"}],"replies":[{"embeddable":true,"href":"https:\/\/prltap.org\/eng\/wp-json\/wp\/v2\/comments?post=413"}],"version-history":[{"count":49,"href":"https:\/\/prltap.org\/eng\/wp-json\/wp\/v2\/pages\/413\/revisions"}],"predecessor-version":[{"id":7463,"href":"https:\/\/prltap.org\/eng\/wp-json\/wp\/v2\/pages\/413\/revisions\/7463"}],"wp:attachment":[{"href":"https:\/\/prltap.org\/eng\/wp-json\/wp\/v2\/media?parent=413"}],"curies":[{"name":"wp","href":"https:\/\/api.w.org\/{rel}","templated":true}]}}