{"id":14601,"date":"2024-10-08T11:13:47","date_gmt":"2024-10-08T15:13:47","guid":{"rendered":"https:\/\/prltap.org\/eng\/?page_id=14601"},"modified":"2024-10-08T11:13:47","modified_gmt":"2024-10-08T15:13:47","slug":"el-puente-news","status":"publish","type":"page","link":"https:\/\/prltap.org\/eng\/el-puente-news\/","title":{"rendered":"El Puente News"},"content":{"rendered":"","protected":false},"excerpt":{"rendered":"","protected":false},"author":18,"featured_media":0,"parent":0,"menu_order":0,"comment_status":"closed","ping_status":"closed","template":"","meta":{"iawp_total_views":289,"footnotes":""},"class_list":["post-14601","page","type-page","status-publish","czr-hentry"],"jetpack_sharing_enabled":true,"jetpack_shortlink":"https:\/\/wp.me\/P3cvCB-3Nv","jetpack-related-posts":[{"id":183,"url":"https:\/\/prltap.org\/eng\/instructors\/","url_meta":{"origin":14601,"position":0},"title":"Instructors","author":"carlos","date":"22\/02\/2013","format":false,"excerpt":"As part of our seminar program each year professionals collaborate with the center to offer seminars in transportation related topics. We've been assisted by the faculty of the University of Puerto Rico at Mayag\u00fcez (UPRM) and other professionals in the transportation field with their technical expertise and knowledge. As part\u2026","rel":"","context":"Similar post","block_context":{"text":"Similar post","link":""},"img":{"alt_text":"","src":"","width":0,"height":0},"classes":[]},{"id":503,"url":"https:\/\/prltap.org\/eng\/technical-papers\/","url_meta":{"origin":14601,"position":1},"title":"Papers","author":"carlos","date":"28\/02\/2013","format":false,"excerpt":"Throughout the years that the Puerto Rico Transportation Technology Transfer Center has operated, the Directors have presented several technical papers in different forums. \u00a0Here you will find some of the recent papers that have been prepared by our Center. Not all documents are available in english. 2017 Preliminary Before and\u2026","rel":"","context":"Similar post","block_context":{"text":"Similar post","link":""},"img":{"alt_text":"","src":"","width":0,"height":0},"classes":[]},{"id":413,"url":"https:\/\/prltap.org\/eng\/technical-presentations\/","url_meta":{"origin":14601,"position":2},"title":"Presentations","author":"carlos","date":"28\/02\/2013","format":false,"excerpt":"Throughout the years that the Puerto Rico Transportation Technology Transfer Center has operated, the director and past directors have presented several technical presentations in different forums.\u00a0 Here you will find recent presentations that have been prepared or presented by the Center's directors or staff. Not all documents are available in\u2026","rel":"","context":"Similar post","block_context":{"text":"Similar post","link":""},"img":{"alt_text":"","src":"","width":0,"height":0},"classes":[]},{"id":1019,"url":"https:\/\/prltap.org\/eng\/every-day-counts-old\/flexibility-in-right-of-way\/","url_meta":{"origin":14601,"position":3},"title":"Flexibility in Right of Way","author":"carlos","date":"06\/03\/2013","format":false,"excerpt":"Documentation: Flyer: EDC FROW EDC FROW Agenda Technical Presentations Deficiencias Recurrentes en el Proceso de Tasaci\u00f3n EDC FROW - FHWA Presentation EDC FROW - Informe de Valoraci\u00f3n Supporting Technical Documents Acreditaci\u00f3n de la Junta Examinadora de Evaluadores Profesionales de Bienes Ra\u00edces Evaluaci\u00f3n del Tasador Formato de tasacion Completo Formato Tasaci\u00f3n\u2026","rel":"","context":"Similar post","block_context":{"text":"Similar post","link":""},"img":{"alt_text":"","src":"","width":0,"height":0},"classes":[]},{"id":6732,"url":"https:\/\/prltap.org\/eng\/previous-catedra-abertis-national-award-recipients\/","url_meta":{"origin":14601,"position":4},"title":"Previous C\u00e1tedra Abertis National Award Recipients","author":"carlos","date":"30\/11\/2016","format":false,"excerpt":"RECIPIENTS OF THE C\u00c1TEDRA ABERTIS NATIONAL AWARD PER ACADEMIC YEAR YearAward (s)NameMentorResearch Title2021Infrastructure ManagementKettsy Garc\u00eda SantiagoDr. Christian Villalta1D and 2D Hydraulic Modeling to Estimate Bridge Scour Depth A Case Study2020Infrastructure Management \/Road SafetyJossie Bianchi SantiagoDr. Didier Vald\u00e9sA Framework with a Cost Estimation Model and the Identification of High Vehicle Crash\u2026","rel":"","context":"Similar post","block_context":{"text":"Similar post","link":""},"img":{"alt_text":"","src":"","width":0,"height":0},"classes":[]},{"id":89,"url":"https:\/\/prltap.org\/eng\/history-of-st-john\/","url_meta":{"origin":14601,"position":5},"title":"History of St. John","author":"carlos","date":"22\/02\/2013","format":false,"excerpt":"Archeological evidence suggests that Indians inhabited St. John as early as 770 BC. Evidence of Taino or Arawak Indians is dated to AD 100. However, there were no lasting settlements on St. John until the 1720s. Attracted by the possibility of cultivating sugar cane for profit, various European countries laid\u2026","rel":"","context":"Similar post","block_context":{"text":"Similar post","link":""},"img":{"alt_text":"","src":"","width":0,"height":0},"classes":[]}],"_links":{"self":[{"href":"https:\/\/prltap.org\/eng\/wp-json\/wp\/v2\/pages\/14601","targetHints":{"allow":["GET"]}}],"collection":[{"href":"https:\/\/prltap.org\/eng\/wp-json\/wp\/v2\/pages"}],"about":[{"href":"https:\/\/prltap.org\/eng\/wp-json\/wp\/v2\/types\/page"}],"author":[{"embeddable":true,"href":"https:\/\/prltap.org\/eng\/wp-json\/wp\/v2\/users\/18"}],"replies":[{"embeddable":true,"href":"https:\/\/prltap.org\/eng\/wp-json\/wp\/v2\/comments?post=14601"}],"version-history":[{"count":1,"href":"https:\/\/prltap.org\/eng\/wp-json\/wp\/v2\/pages\/14601\/revisions"}],"predecessor-version":[{"id":14648,"href":"https:\/\/prltap.org\/eng\/wp-json\/wp\/v2\/pages\/14601\/revisions\/14648"}],"wp:attachment":[{"href":"https:\/\/prltap.org\/eng\/wp-json\/wp\/v2\/media?parent=14601"}],"curies":[{"name":"wp","href":"https:\/\/api.w.org\/{rel}","templated":true}]}}